= -z + 9 + 5. Calculate the remainder when z is divided by s(4).
4
What is the remainder when 16 is divided by (3/(-6))/((-1)/12)?
4
Let g = -9 - -21. Suppose -o + 35 = 3*y, o = -o + 4*y + 70. Calculate the remainder when o is divided by g.
11
Let q be (-2)/4*(-2 + 0). What is the remainder when (-20 + q)/(-2 - -1) is divided by 10?
9
Suppose 5*y = 40 + 20. What is the remainder when 32 is divided by y?
8
Let a = -21 + 23. Suppose -2*g + 0*g + 14 = 0. What is the remainder when g is divided by a?
1
Suppose 1740 = 31*p - 11*p. Calculate the remainder when p is divided by 24.
15
Let u = 80 - 40. Let s = u - 7. What is the remainder when s is divided by 9?
6
Suppose 3*z = 5*c + 52, -c = c + 10. Calculate the remainder when z is divided by -1 + -1 - (1 - 7).
1
Let q be -6*4/(-6) + -2. Suppose -5*m + 2*r + 39 = q, 0 = 2*m + 3*r - 30. Let c = 27 - 2. Calculate the remainder when c is divided by m.
7
Let z = -11 - -16. What is the remainder when (-10)/z*(-309)/6 is divided by 26?
25
Let w(i) = -2*i - 1. Let x(b) = b**2 - 2. Let r be x(-3). Let c = r - 2. What is the remainder when w(-9) is divided by c?
2
What is the remainder when ((-36)/(-21))/((-10)/(-245)) is divided by 9?
6
Suppose 2*w - 3*w = -59. Suppose -7*a - 4*a + 220 = 0. Calculate the remainder when w is divided by a.
19
Let h(c) = -c + 10. What is the remainder when 83 is divided by h(-11)?
20
Let q(y) be the third derivative of y**5/60 + y**4/4 - 11*y**3/6 + y**2. Suppose 54 = -42*p + 48*p. What is the remainder when p is divided by q(-8)?
4
Let y(d) be the second derivative of -d**4/12 - 11*d**3/6 + 5*d**2/2 + 2*d. What is the remainder when y(-8) is divided by 16?
13
Let c(h) be the third derivative of 0*h**3 + 0*h - 1/20*h**5 + 1/120*h**6 + 0 - 1/12*h**4 - 2*h**2. What is the remainder when c(4) is divided by 3?
2
Suppose -u + 34 = a, 0*u - 4*u + 3*a + 157 = 0. Calculate the remainder when u is divided by 19.
18
Let c = -163 + 235. Suppose 5*x - 3*v + 5*v - 93 = 0, 4*x = -v + c. Calculate the remainder when x is divided by -1*(-6 + 0 - 0).
5
Let u be 508/8 - 3/(-6). Let o = -33 + u. What is the remainder when o is divided by 11?
9
Let j(q) = q + 10. Let c(w) = w**3 - 7*w**2 + 6*w + 7. What is the remainder when c(7) is divided by j(7)?
15
Let r(f) = 36*f - 4. Let p be r(-6). Calculate the remainder when 43 is divided by (-1)/(-3) + p/(-15).
13
Let d(b) = 2*b**3 - 3*b**2 + 2*b - 2. What is the remainder when 59 is divided by d(2)?
5
Suppose -7 = 3*t - 19. Suppose -5*h + 2*m = -73, 0 = -2*m - 4 - t. What is the remainder when 37 is divided by h?
11
Let w(a) = a - 1. Let s be w(1). Suppose -u - u + 5*i + 6 = s, -4*u + 3*i + 26 = 0. Let t(j) = 5*j - 8. Calculate the remainder when t(6) is divided by u.
6
Suppose -2*o + o + 5*s = 12, -5*s + 15 = 0. Suppose -20 = -5*v + o*v. Calculate the remainder when 38 is divided by v.
8
Suppose 0 = g - 3*d - 7, 0 = 3*g - 2*g - 5*d - 9. Let r = 7 - g. Suppose r*n - 30 = 39. Calculate the remainder when n is divided by 8.
7
Suppose -3*t + 68 = t. Let d(s) = -s**2 + 15*s + 10. Calculate the remainder when d(7) is divided by t.
15
Let q = -1 - -48. Calculate the remainder when q is divided by 25.
22
Let n be 1 + -1 - (4 - 1). Let h(t) = t**2 + 2. Calculate the remainder when 19 is divided by h(n).
8
Let m(z) be the second derivative of -2*z**5/5 - z**4/6 - z**3/3 - z**2/2 + z. Suppose 2 = -5*k - 3. What is the remainder when 13 is divided by m(k)?
6
Suppose 6 = 2*g - 60. What is the remainder when g is divided by (-14)/(-35) - 166/(-10)?
16
Let v = -1 - 0. Let b(t) = 7*t**2 + t. Let z be b(v). Calculate the remainder when (-160)/(-6) + 2/z is divided by 7.
6
Suppose -3*s = s - 12. Let j(u) = u**3 + u**2 + 2*u - 4. What is the remainder when j(s) is divided by 10?
8
Suppose 0 = -2*b - q + 31, 3*q = -4*b + 2*q + 59. Let m(f) = -4*f + 1. Calculate the remainder when b is divided by m(-1).
4
Suppose -114 + 34 = -10*w. What is the remainder when 12 is divided by w?
4
Suppose -2*b + 52 = 4*x, -4*x = -3*b + 4 + 54. Calculate the remainder when 86 is divided by b.
20
Let m(s) be the first derivative of -s**4/4 + 5*s**3/3 + 5*s**2/2 - 6*s - 4. Calculate the remainder when 35 is divided by m(5).
16
Let y(s) = -s - 2. Let x be y(8). Let b(z) = -4*z - 12. Calculate the remainder when b(x) is divided by 10.
8
Let o(t) = -t**2 + t. Suppose -7 = -3*h - 4. Let s(w) = 23*w**2 + 4*w - 1. Let u(l) = h*s(l) - 4*o(l). What is the remainder when u(-1) is divided by 14?
12
Let c(v) = v**3 - 7*v**2 + 9*v + 3. Let x(l) = -l**3 - l**2 - 1. Let i(t) = c(t) + 2*x(t). What is the remainder when 31 is divided by i(-10)?
9
Let f = 8 + -7. Suppose -52 = -2*w - 5*y, -f - 3 = -2*y. Suppose -6 = 5*k - w. What is the remainder when k is divided by 2?
1
Let f = -35 + 75. Let d = -22 + f. Calculate the remainder when d is divided by 5.
3
Suppose -3 = 7*u - 8*u. Suppose -3*l - i + 67 = -l, u*i - 65 = -2*l. What is the remainder when l is divided by 12?
10
Suppose -x - 5 = -2*x. Suppose -x*b = -16 - 14. Suppose 19 = 2*c + f, 5*c + 3*f - 27 = 2*c. Calculate the remainder when c is divided by b.
4
Let s(m) = -m**3 + 2*m + 0*m + m + 15 - 2*m. Calculate the remainder when 44 is divided by s(0).
14
Calculate the remainder when 46/10 + (-4)/(-10) is divided by 2.
1
Suppose 5 = 5*g - 5. Suppose 16 = -4*t, 2*o = -3*o + g*t + 23. Calculate the remainder when 8 is divided by o.
2
What is the remainder when 21 is divided by 10 + (-3 + 4 - 0)?
10
Let w(l) = -l**3 - 9*l**2 - 8*l. Calculate the remainder when w(-9) is divided by 15.
12
Let i = 102 - 29. Calculate the remainder when i is divided by 19.
16
Let o = 78 + -13. Let k = 80 + 16. Let g = k - o. What is the remainder when g is divided by 11?
9
Suppose -16*c = -19*c + 21. Suppose 11*u = c*u + 192. Calculate the remainder when u is divided by 25.
23
Suppose 21 - 5 = 2*a. Let c(x) = -x + 7. What is the remainder when c(-6) is divided by a?
5
Suppose 2 = 5*i - 3. Let x = 60 - i. Calculate the remainder when x is divided by 276/14 + (-4)/(-14).
19
Let f(v) = -41*v**3 - v - 1. What is the remainder when f(-1) is divided by 11?
8
Suppose 5*a + 26 = -69. Let j = -8 - a. Let k(r) = -r**2 - 9*r + 1. Calculate the remainder when k(-5) is divided by j.
10
Suppose -4*w = 4 - 24. Let x = 18 - 18. Suppose z + 4*f - 25 = x, -44 = -w*z + f + 18. Calculate the remainder when 38 is divided by z.
12
Let n(p) = -p**2 - 9*p - 5. Let j be n(-9). Let i(y) = -y**3 - 5*y**2 - 2*y + 6. What is the remainder when ((-60)/14)/((-2)/14) is divided by i(j)?
14
Let l = 20 + -11. Calculate the remainder when l is divided by 4.
1
Let g be 3/(9/195) - -1. Let d = -29 + g. Let x = d + 0. What is the remainder when x is divided by 19?
18
Let b(x) = -x**2 + 14*x + 21. Let g = -8 + 17. What is the remainder when g is divided by b(15)?
3
Suppose 0 = 2*s - f - 23, 3*s = 2*f + 14 + 22. Suppose 5*r = 2*x + 2 - 302, x - 4*r = 153. Suppose 4*a - x = -a. Calculate the remainder when a is divided by s.
9
Let v be 4/((-16)/(-7) + -2). Let o = v - 10. Suppose 5*d + 66 = o*c, -10 = -4*c - d + 44. What is the remainder when 39 is divided by c?
11
Suppose 4*j - 5*n - 60 = 3*j, 5*j - 237 = 4*n. Suppose -3*w - 2*w + j = 0. What is the remainder when 25 is divided by w?
7
Suppose 0 = -2*z - 6, -190 = -4*j + 3*z - 29. What is the remainder when 75 is divided by j?
37
Suppose 3*f + 0*f = 3. Suppose -48 = -2*c - 0*c. What is the remainder when c is divided by 1/((-2 + f)/(-13))?
11
Let v(f) be the first derivative of -3*f**2 + 8*f - 1. Suppose 3*m = 15, 0*m = -2*o + 4*m - 34. What is the remainder when v(o) is divided by 17?
16
Let i(p) = -5*p + 1. Let t(j) = j - 13. Let n be t(5). Calculate the remainder when i(n) is divided by 15.
11
Suppose 4*v - 2*s - 66 = -v, 0 = 5*v + s - 57. Let k = -2 - -7. Suppose k*g - v = 3. Calculate the remainder when 4 is divided by g.
1
Let f(y) = -y**2 - 6*y - 2. Suppose l - 5*l + 296 = 0. Suppose 2*n + 5*r = 6*n - l, 2*r = -4. What is the remainder when n is divided by f(-4)?
4
Let l(t) = -t**2 - 7*t + 4. Calculate the remainder when 9 is divided by l(-7).
1
Suppose 4*r + 4 = -4*i + 5*r, 2*r + 10 = -i. Let v be (-1)/(-1) - (i + 6). What is the remainder when 10 is divided by ((-2)/(-5))/(v/(-30))?
2
Let k = 25 + -22. Suppose 6*w - 5*w = -20. Let n = -12 - w. What is the